10000010?
-11110000101
In base 8, what is -1325 + 5?
-1320
In base 7, what is -33 + 23?
-10
In base 4, what is -202112 + 3?
-202103
In base 6, what is -1 + 3522?
3521
In base 4, what is 1 + -11020?
-11013
In base 11, what is 2 + 255?
257
In base 15, what is -b + 2e?
23
In base 9, what is -4 - -41?
36
In base 2, what is -10111 + -100011?
-111010
In base 12, what is -19a0 - 2?
-19a2
In base 7, what is -1211 - -2?
-1206
In base 12, what is -5785 + 5?
-5780
In base 2, what is 11101 - 0?
11101
In base 4, what is -320222 - 10?
-320232
In base 14, what is 1 + 6?
7
In base 11, what is 5 - -2?
7
In base 15, what is 23 - 1?
22
In base 13, what is -296 - 4?
-29a
In base 14, what is -13 - 15?
-28
In base 2, what is -11000000110 + -101?
-11000001011
In base 12, what is 1 + 13ab?
13b0
In base 16, what is 0 + -8b?
-8b
In base 14, what is 2 + -26?
-24
In base 6, what is 2 - -550?
552
In base 4, what is 11 - -31?
102
In base 16, what is -8 - 14?
-1c
In base 2, what is -101 + 1110011011?
1110010110
In base 15, what is 1e88 - -2?
1e8a
In base 6, what is 1 - 11251?
-11250
In base 6, what is -34 - -201?
123
In base 9, what is -2 + 221?
218
In base 5, what is -11 + 221?
210
In base 6, what is 214 + 3?
221
In base 6, what is 202 - 212?
-10
In base 7, what is -13 - 21?
-34
In base 3, what is -12022 + 1?
-12021
In base 9, what is 0 - 533?
-533
In base 4, what is -2131 + 3?
-2122
In base 2, what is 1010010001 + -11011?
1001110110
In base 13, what is 3147 + -1?
3146
In base 5, what is -30 + 23?
-2
In base 2, what is -1101101100111 - 11?
-1101101101010
In base 13, what is -6 + -a9?
-b2
In base 9, what is 43 + -17?
25
In base 13, what is 2 + -5?
-3
In base 2, what is 1001010111101 + 0?
1001010111101
In base 16, what is -92 + -3?
-95
In base 2, what is 1011 - 1001001?
-111110
In base 6, what is 310 - -114?
424
In base 5, what is 22 - -10?
32
In base 13, what is 0 - -157?
157
In base 15, what is 27 - -7?
2e
In base 9, what is 20 - -3?
23
In base 7, what is 513 + -36?
444
In base 16, what is 5 - -1763?
1768
In base 14, what is -6a + 61?
-9
In base 16, what is 0 - -229?
229
In base 3, what is 2 - 1100220?
-1100211
In base 13, what is -2 - 62?
-64
In base 7, what is 23 + -15?
5
In base 6, what is 413 + 21?
434
In base 8, what is -3 - -127?
124
In base 14, what is -27 - 3?
-2a
In base 15, what is 6d + -e?
5e
In base 14, what is 130 - 5?
129
In base 7, what is 142 + 6?
151
In base 2, what is -111 - -1100?
101
In base 5, what is -10133 - -1?
-10132
In base 6, what is 30 + 1220?
1250
In base 8, what is -4 - 35?
-41
In base 10, what is -15 - -13?
-2
In base 7, what is 441 - 2?
436
In base 15, what is 17 - -7?
1e
In base 6, what is -15502 - -4?
-15454
In base 10, what is 16 - -217?
233
In base 12, what is -57 - -27?
-30
In base 9, what is 12 + 14?
26
In base 10, what is -76 - -9?
-67
In base 14, what is -35 - 2?
-37
In base 2, what is 0 - -1011100?
1011100
In base 15, what is 3 - a5c?
-a59
In base 5, what is 1411 + 120?
2031
In base 5, what is 34 - -244?
333
In base 2, what is 1000010111 - 0?
1000010111
In base 16, what is 7 - 65?
-5e
In base 4, what is 3 - -1301?
1310
In base 15, what is -1b9 - 4?
-1bd
In base 5, what is -322 + -100?
-422
In base 3, what is -200212 + 12?
-200200
In base 14, what is 3 + 187a?
187d
In base 6, what is 0 - 2113?
-2113
In base 2, what is -1100010110 + 101?
-1100010001
In base 13, what is -222 + -1?
-223
In base 15, what is -74 + -1e?
-93
In base 16, what is -72 + -5?
-77
In base 4, what is 1113 + 103?
1222
In base 7, what is -1535 - 4?
-1542
In base 10, what is -3034 + -2?
-3036
In base 6, what is 1432 + 13?
1445
In base 15, what is c + 48?
55
In base 11, what is -22 - 2?
-24
In base 9, what is 172 - -22?
204
In base 14, what is -2 - -4c?
4a
In base 12, what is 2 + 1b?
21
In base 6, what is -2 - 11251?
-11253
In base 2, what is 110010 + -11?
101111
In base 7, what is -5 + -20020?
-20025
In base 14, what is -3 - 65?
-68
In base 11, what is 0 - 876?
-876
In base 4, what is 232031 + -11?
232020
In base 16, what is -33 - 5?
-38
In base 5, what is -2 - -20314?
20312
In base 8, what is -31 + 34?
3
In base 16, what is 2dc + 1?
2dd
In base 4, what is 3 + -102123?
-102120
In base 4, what is 302 + 11?
313
In base 5, what is -2302 - -1?
-2301
In base 11, what is -8 + -112?
-11a
In base 12, what is -177 - 2?
-179
In base 6, what is 151 - 3?
144
In base 13, what is 246 + 0?
246
In base 9, what is -34 - 4?
-38
In base 4, what is 2 + -1113133?
-1113131
In base 9, what is -8 + -1141?
-1150
In base 3, what is 1020 - 12?
1001
In base 9, what is 0 - -72?
72
In base 11, what is -39 - 42?
-80
In base 15, what is 904 - 1?
903
In base 16, what is f6 + 3?
f9
In base 6, what is -4 - -5410?
5402
In base 12, what is 5 - 43?
-3a
In base 11, what is 1571 + 4?
1575
In base 10, what is 59 + 146?
205
In base 14, what is -264 + 2?
-262
In base 2, what is -1010000100110 + -1?
-1010000100111
In base 2, what is 110001110 + 1010?
110011000
In base 16, what is -3a - -3?
-37
In base 8, what is 55 + 3?
60
In base 11, what is -4 + -831?
-835
In base 14, what is -7315 + 4?
-7311
In base 12, what is b957 - -3?
b95a
In base 10, what is -2 - 504?
-506
In base 7, what is 14210 + -2?
14205
In base 7, what is 422 - 5?
414
In base 6, what is -3215 + 12?
-3203
In base 3, what is -200 + -1021?
-1221
In base 9, what is -1 + 68?
67
In base 11, what is -3 - -75?
72
In base 11, what is 9a3 + -2?
9a1
In base 16, what is 251 - -3?
254
In base 3, what is 220222 + -21?
220201
In base 2, what is -1001 - -1010111011?
1010110010
In base 6, what is 22413 + -2?
22411
In base 14, what is 2d + 51?
80
In base 6, what is 33 - 321?
-244
In base 9, what is -2 + -151?
-153
In base 5, what is 102 - 2?
100
In base 2, what is -100 - -100110?
100010
In base 12, what is 318 + 1?
319
In base 4, what is -12 + -1030?
-1102
In base 6, what is -10012 - 31?
-10043
In base 14, what is -18c + a?
-182
In base 5, what is 30 + -22?
3
In base 12, what is 3 + -3b?
-38
In base 4, what is -3 - -13123?
13120
In base 2, what is -10101 - 100000?
-110101
In base 7, what is 1240 - -2?
1242
In base 11, what is -3 + 5a?
57
In base 3, what is 12221 + -11?
12210
In base 7, what is 10524 - 0?
10524
In base 3, what is 12 - -202022?
202111
In base 6, what is -333 - 24?
-401
In base 6, what is 4 + 551?
555
In base 8, what is -3 - 21?
-24
In base 13, what is -5 - -2b?
26
In base 7, what is 404 - -22?
426
In base 5, what is -10 - -421?
411
In base 6, what is 0 - -140?
140
In base 10, what is -22 - -10?
-12
In base 2, what is 101 - 111010101?
-111010000
In base 10, what is 41 - -148?
189
In base 15, what is -1500 - 7?
-1507
In base 14, what is 12 + -73?
-61
In base 7, what is 2 + 2403?
2405
In base 7, what is -3 - 131?
-134
In base 5, what is 20 - 312?
-242
In base 13, what is 0 + -647?
-647
In base 3, what is -102 - -102?
0
In base 3, what is -10 + -10201?
-10211
In base 15, what is 3bd + 3?
3c1
In base 10, what is 22 + 90?
112
In base 11, what is 47 - -34?
80
In base 11, what is 11 - -2?
13
In base 4, what is 30 + -3?
21
In base 8, what is -3 - 5?
-10
In base 14, what is 7 + 9?
12
In base 9, what is -58 + -332?
-401
In base 5, what is 0 - 3030?
-3030
In base 13, what is 4 - 129?
-125
In base 14, what is 86 + -124?
-7c
In base 14, what is 6 - -607?
60d
In base 16, what is 1e + 4?
22
In base 11, what is -96 - 5?
-a0
In base 14, what is 239 - -8?
243
In base 5, what is 4 + 11123?
11132
In base 5, what is -1331 + 1?
-1330
In base 5, what is 24303 + -4?
24244
In base 8, what is -520 + -55?
-575
In base 10, what is 54 - -26?
80
In base 9, what is -134 - 1?
-135
In base 8, what is -4 - -45?
41
In base 7, what is 4 + 344?
351
In base 13, what is 0 - -8?
8
In base 4, what is -3 + 1023?
1020
In base 16, what is b + 24?
2f
In base 7, what is 202 - -111?
313
In base 11, what is 1 + 56?
57
In base 13, what is 3 - 1a?
-17
In base 2, what is -101 + -100010101101?
-100010110010
In base 8, what is 425 - 5?
420
In base 11, what is -18 + 123?
106
In base 3, what is -10 + 10221000?
10220220
In base 12, what is 4 + -2180?
-2178
In base 7, what is 230 + -1?
226
In base 9, what is -315 - -4?
-311
In base 5, what is 20 - -22030?
22100
In base 10, what is 1 + -2101?
-2100
In base 3, what is 11022201 + 111?
11100012
In base 5, what is 12403 - 3?
12400
In base 5, what is 4 + 31